{"id":59,"date":"2022-08-17T15:29:59","date_gmt":"2022-08-17T13:29:59","guid":{"rendered":"https:\/\/bridgingblackfreedomstruggles.uni-muenster.de\/?page_id=59"},"modified":"2025-03-24T10:59:50","modified_gmt":"2025-03-24T08:59:50","slug":"impressum","status":"publish","type":"page","link":"https:\/\/bridgingblackfreedomstruggles.com\/?page_id=59","title":{"rendered":"Impressum"},"content":{"rendered":"\n<h2 class=\"wp-block-heading\"><strong>Angaben gem\u00e4\u00df \u00a7 5 TMG:<\/strong><\/h2>\n\n\n\n<p class=\"m0\">Bridging Black Freedom Struggles &#8211; German and U.S.-American Perspectives<\/p>\n\n\n\n<hr class=\"wp-block-separator has-alpha-channel-opacity\"\/>\n\n\n\n<h2 class=\"wp-block-heading\">Vertreten durch:<\/h2>\n\n\n\n<p>Dr. Jana Wei\u00df<\/p>\n\n\n\n<p>Dr. Nicole Hirschfelder<\/p>\n\n\n\n<hr class=\"wp-block-separator has-alpha-channel-opacity\"\/>\n\n\n\n<h2 class=\"wp-block-heading\">Verantwortlich f\u00fcr den Inhalt nach \u00a7 55 Abs. 2 RStV:<\/h2>\n\n\n\n<p>Dr. Nicole Hirschfelder<br>nicole.hirschfelder@uni-tuebingen.de<br>Department of English &#8211; Raum 507<br>Eberhard Karls Universit\u00e4t T\u00fcbingen<br>Wilhelmstra\u00dfe 50<br>72074 T\u00fcbingen<br>Germany<\/p>\n\n\n\n<hr class=\"wp-block-separator has-alpha-channel-opacity\"\/>\n\n\n\n<p>Entwurf und Design Logo: Emily Wichmann<br>Umsetzung und Instandhaltung Website: Maren Th\u00f6lking \/ Emily Wichmann<\/p>\n\n\n\n<hr class=\"wp-block-separator has-alpha-channel-opacity\"\/>\n\n\n\n<p><strong>EU-Streitschlichtung&nbsp;<\/strong><br><br>Die Europ\u00e4ische Kommission stellt eine Plattform zur Online-Streitbeilegung (OS) bereit:<br><a href=\"https:\/\/ec.europa.eu\/consumers\/odr\">https:\/\/ec.europa.eu\/consumers\/odr<\/a>.<\/p>\n\n\n\n<p><strong>Verbraucherstreitbeilegung\/Universalschlichtungsstelle&nbsp;<\/strong><br><br>Wir sind nicht bereit oder verpflichtet, an Streitbeilegungsverfahren vor einer Verbraucherschlichtungsstelle teilzunehmen.&nbsp;<\/p>\n\n\n\n<hr class=\"wp-block-separator has-alpha-channel-opacity\"\/>\n\n\n\n<h2 class=\"wp-block-heading\">Haftungsausschluss (Disclaimer)<\/h2>\n\n\n\n<p><strong>Haftung f\u00fcr Inhalte<\/strong><\/p>\n\n\n\n<p>Als Diensteanbieter sind wir gem\u00e4\u00df \u00a7 7 Abs.1 TMG f\u00fcr eigene Inhalte auf diesen Seiten nach den allgemeinen Gesetzen verantwortlich. Nach \u00a7\u00a7 8 bis 10 TMG sind wir als Diensteanbieter jedoch nicht verpflichtet, \u00fcbermittelte oder gespeicherte fremde Informationen zu \u00fcberwachen oder nach Umst\u00e4nden zu forschen, die auf eine rechtswidrige T\u00e4tigkeit hinweisen. Verpflichtungen zur Entfernung oder Sperrung der Nutzung von Informationen nach den allgemeinen Gesetzen bleiben hiervon unber\u00fchrt. Eine diesbez\u00fcgliche Haftung ist jedoch erst ab dem Zeitpunkt der Kenntnis einer konkreten Rechtsverletzung m\u00f6glich. Bei Bekanntwerden von entsprechenden Rechtsverletzungen werden wir diese Inhalte umgehend entfernen.<\/p>\n\n\n\n<p><strong>Haftung f\u00fcr Links<\/strong><\/p>\n\n\n\n<p>Unser Angebot enth\u00e4lt Links zu externen Webseiten Dritter, auf deren Inhalte wir keinen Einfluss haben. Deshalb k\u00f6nnen wir f\u00fcr diese fremden Inhalte auch keine Gew\u00e4hr \u00fcbernehmen. F\u00fcr die Inhalte der verlinkten Seiten ist stets der jeweilige Anbieter oder Betreiber der Seiten verantwortlich. Die verlinkten Seiten wurden zum Zeitpunkt der Verlinkung auf m\u00f6gliche Rechtsverst\u00f6\u00dfe \u00fcberpr\u00fcft. Rechtswidrige Inhalte waren zum Zeitpunkt der Verlinkung nicht erkennbar. Eine permanente inhaltliche Kontrolle der verlinkten Seiten ist jedoch ohne konkrete Anhaltspunkte einer Rechtsverletzung nicht zumutbar. Bei Bekanntwerden von Rechtsverletzungen werden wir derartige Links umgehend entfernen.<\/p>\n\n\n\n<p><strong>Urheberrecht<\/strong><\/p>\n\n\n\n<p>Die durch die Seitenbetreiber erstellten Inhalte und Werke auf diesen Seiten unterliegen dem deutschen Urheberrecht. Die Vervielf\u00e4ltigung, Bearbeitung, Verbreitung und jede Art der Verwertung au\u00dferhalb der Grenzen des Urheberrechtes bed\u00fcrfen der schriftlichen Zustimmung des jeweiligen Autors bzw. Erstellers. Downloads und Kopien dieser Seite sind nur f\u00fcr den privaten, nicht kommerziellen Gebrauch gestattet. Soweit die Inhalte auf dieser Seite nicht vom Betreiber erstellt wurden, werden die Urheberrechte Dritter beachtet. Insbesondere werden Inhalte Dritter als solche gekennzeichnet. Sollten Sie trotzdem auf eine Urheberrechtsverletzung aufmerksam werden, bitten wir um einen entsprechenden Hinweis. Bei Bekanntwerden von Rechtsverletzungen werden wir derartige Inhalte umgehend entfernen.<\/p>\n\n\n\n<h2>Webanalyse durch Matomo (ehemals PIWIK)<\/h2>\n\n<h3>Umfang der Datenverarbeitung<\/h3>\n\n<p>Wir nutzen auf unserer Website die Software Matomo zur Analyse und statistischen Auswertung der Seitenaufrufe. Bei dem Aufrufen unserer Website werden folgende Daten verarbeitet:<\/p>\n\n<p><span style=\"display: none;\"> <\/span><span style=\"display: none;\"> <\/span><span style=\"display: none;\"> <\/span><\/p>\n\n<ol>\n\t<li>Zwei Bytes der IP-Adresse des aufrufenden Systems der nutzenden Person<\/li>\n\t<li>Die aufgerufene Website<\/li>\n\t<li>Die Website, von der aus die Webseite aufgerufen wurde (Referrer)<\/li>\n\t<li>Die Unterseiten, die von der aufgerufenen Website aus aufgerufen werden<\/li>\n\t<li>Die Verweildauer auf der Website<\/li>\n\t<li>Die H\u00e4ufigkeit des Aufrufs der Website<\/li>\n<\/ol>\n\n<p>IP-Adressen werden nur um mehrere Bytes gek\u00fcrzt abgespeichert und lassen keinen Bezug zum aufrufenden Rechner mehr zu.<span style=\"display: none;\"> <\/span><span style=\"display: none;\"> <\/span><\/p>\n\n<p><span style=\"display: none;\"> <\/span>Matomo l\u00e4uft dabei ausschlie\u00dflich auf den Servern unserer Website. Eine Speicherung der Daten der Nutzenden findet nur dort statt. Die Daten werden nicht \u00fcber Ger\u00e4tegrenzen hinweg zusammengef\u00fchrt. Eine Weitergabe der Daten an Dritte erfolgt nicht.<span style=\"display: none;\"> <\/span><\/p>\n\n<p><span style=\"display: none;\"> <\/span>Wenn Sie in den Einstellungen Ihres Browsers \u201eDo Not Track\u201c aktiviert haben, erhebt Matomo keine Sitzungsdaten.<span style=\"display: none;\"> <\/span><span style=\"display: none;\"> <\/span><\/p>\n\n<p>Wenn Sie \u201eDo Not Track\u201c nicht aktiviert haben und mit der Verarbeitung durch Matomo nicht einverstanden sind, k\u00f6nnen Sie diese per Mausklick hier unterbinden. In diesem Fall wird in Ihrem Browser ein sog. Opt-Out-Cookie abgelegt. Es sogt daf\u00fcr, dass Matomo keine Sitzungsdaten erhebt. <strong>Achtung:<\/strong> Wenn Sie Ihre Cookies l\u00f6schen, wird auch das Opt-Out-Cookie gel\u00f6scht und m\u00fcsste ggf. hier neu aktiviert werden.<\/p>\n\n<p><iframe sandbox=\"\" scrolling=\"auto\" src=\"https:\/\/piwik.uni-muenster.de\/index.php?module=CoreAdminHome&amp;action=optOut&amp;idsite=14&amp;language=de\" style=\"border: 2px solid #bec6c8; width:100%; padding:2px\"><\/iframe><\/p>\n\n<h3>Rechtgrundlage f\u00fcr die Verarbeitung<\/h3>\n\n<p>Rechtsgrundlage f\u00fcr die Verarbeitung der personenbezogenen Daten der Nutzerinnen und Nutzer ist Art. 6 Abs. 1 Satz 1 lit. e, Abs. 3 Satz 1 lit. b DSGVO in Verbindung mit \u00a7 3 Abs. 1 DSG NRW in Verbindung mit \u00a7 3 Abs. 1 HG NRW.<\/p>\n\n<h3>Zweck der Verarbeitung<\/h3>\n\n<p>Die Verarbeitung der oben aufgef\u00fchrten Daten erm\u00f6glicht uns eine Analyse der Nutzung unseres Webangebots. Wir sind durch die Auswertung der gewonnenen Daten in der Lage, Informationen \u00fcber die Nutzung der einzelnen Komponenten unserer Website zusammenzustellen. Dies hilft uns dabei, unsere Website und deren Nutzungsfreundlichkeit stetig zu verbessern. Die Anonymisierung der IP-Adresse gew\u00e4hrleistet den Schutz der personenbezogenen Daten der Nutzenden.  Die Daten werden ausschlie\u00dflich anonymisiert zu statistischen Zwecken verarbeitet. Eine personenbezogene Auswertung ist nicht m\u00f6glich.<\/p>\n\n<h3>Dauer der Speicherung der personenbezogenen Daten<\/h3>\n\n<p>Die Daten werden gel\u00f6scht, sobald sie f\u00fcr unsere Zwecke nicht mehr ben\u00f6tigt werden.<\/p>\n\n","protected":false},"excerpt":{"rendered":"<p>Angaben gem\u00e4\u00df \u00a7 5 TMG: Bridging Black Freedom Struggles &#8211; German and U.S.-American Perspectives Vertreten durch: Dr. Jana Wei\u00df Dr. Nicole Hirschfelder Verantwortlich f\u00fcr den Inhalt nach \u00a7 55 Abs. 2 RStV: Dr. Nicole Hirschfeldernicole.hirschfelder@uni-tuebingen.deDepartment of English &#8211; Raum 507Eberhard Karls Universit\u00e4t T\u00fcbingenWilhelmstra\u00dfe 5072074 T\u00fcbingenGermany Entwurf und Design Logo: Emily WichmannUmsetzung und Instandhaltung Website: Maren [&hellip;]<\/p>\n","protected":false},"author":3,"featured_media":0,"parent":0,"menu_order":0,"comment_status":"closed","ping_status":"closed","template":"","meta":{"inline_featured_image":false,"footnotes":""},"class_list":["post-59","page","type-page","status-publish","hentry"],"_links":{"self":[{"href":"https:\/\/bridgingblackfreedomstruggles.com\/index.php?rest_route=\/wp\/v2\/pages\/59","targetHints":{"allow":["GET"]}}],"collection":[{"href":"https:\/\/bridgingblackfreedomstruggles.com\/index.php?rest_route=\/wp\/v2\/pages"}],"about":[{"href":"https:\/\/bridgingblackfreedomstruggles.com\/index.php?rest_route=\/wp\/v2\/types\/page"}],"author":[{"embeddable":true,"href":"https:\/\/bridgingblackfreedomstruggles.com\/index.php?rest_route=\/wp\/v2\/users\/3"}],"replies":[{"embeddable":true,"href":"https:\/\/bridgingblackfreedomstruggles.com\/index.php?rest_route=%2Fwp%2Fv2%2Fcomments&post=59"}],"version-history":[{"count":6,"href":"https:\/\/bridgingblackfreedomstruggles.com\/index.php?rest_route=\/wp\/v2\/pages\/59\/revisions"}],"predecessor-version":[{"id":1128,"href":"https:\/\/bridgingblackfreedomstruggles.com\/index.php?rest_route=\/wp\/v2\/pages\/59\/revisions\/1128"}],"wp:attachment":[{"href":"https:\/\/bridgingblackfreedomstruggles.com\/index.php?rest_route=%2Fwp%2Fv2%2Fmedia&parent=59"}],"curies":[{"name":"wp","href":"https:\/\/api.w.org\/{rel}","templated":true}]}}